{"id":20553,"date":"2026-04-29T13:57:12","date_gmt":"2026-04-29T17:57:12","guid":{"rendered":"https:\/\/community.ca.tm.org\/?post_type=tribe_events&#038;p=20553"},"modified":"2026-04-29T15:38:34","modified_gmt":"2026-04-29T19:38:34","slug":"un-nouveau-livre-dune-grande-profondeur-du-dr-tony-nader-the-power-of-caring-en-anglais","status":"publish","type":"tribe_events","link":"https:\/\/community.ca.tm.org\/fr\/event\/un-nouveau-livre-dune-grande-profondeur-du-dr-tony-nader-the-power-of-caring-en-anglais\/","title":{"rendered":"Un nouveau livre d&rsquo;une grande profondeur du Dr. Tony Nader: The Power of Caring (en anglais)"},"content":{"rendered":"<p>Avec l&rsquo;invit\u00e9 sp\u00e9cial le Dr Tony Nader, anim\u00e9 par John Cowhig<\/p>\n<p>Nous vous invitons \u00e0 une rencontre \u00abCr\u00e9ons la coh\u00e9rence \u00bb tout \u00e0 fait exceptionnelle avec Tony Nader, MD, PhD, neuroscientifique de renomm\u00e9e internationale form\u00e9 \u00e0 Harvard et au MIT, leader des organisations mondiales responsables de l&rsquo;enseignement de la M\u00e9ditation Transcendantale\u00ae, et auteur du best-seller du New York Times <em>Consciousness Is All There Is<\/em>.<\/p>\n<p>Le Dr Nader partagera des r\u00e9flexions pratiques tir\u00e9es de son nouveau livre, <em>The Power of Caring<\/em>, qui para\u00eetra le 28 juillet. Dans cet ouvrage d&rsquo;actualit\u00e9, il propose une perspective nouvelle et captivante sur la conscience, la compassion et le d\u00e9veloppement du potentiel humain \u2014 le tout r\u00e9dig\u00e9 dans un style clair et simple, destin\u00e9 \u00e0 un large public.<\/p>\n<p>Cette rencontre en ligne offre une occasion rare d&rsquo;\u00e9couter directement l&rsquo;une des figures de proue mondiales dans les domaines de la conscience, du d\u00e9veloppement humain et de l&rsquo;avenir du bien-\u00eatre individuel et collectif.<\/p>\n<p>Dans\u00a0<em>The Power of Caring<\/em>, le Dr. Nader\u00a0explore la bienveillance comme une expression directe de la conscience et une voie naturelle vers l&rsquo;\u00e9panouissement, la connexion et la coh\u00e9sion collective. Alliant une sagesse intemporelle \u00e0 des conseils pratiques, il nous montre comment l&rsquo;\u00e9largissement de la conscience fait na\u00eetre la compassion, la r\u00e9silience et l&rsquo;harmonie dans la vie quotidienne.<\/p>\n<p>Ce livre ne vise pas \u00e0 vous inciter \u00e0 redoubler d\u2019efforts ou \u00e0 devenir une meilleure personne. Il s\u2019agit plut\u00f4t de comprendre que l\u2019attention authentique et consciente refl\u00e8te le fonctionnement m\u00eame de la nature et que, lorsque la conscience s\u2019\u00e9veille, l\u2019attention na\u00eet naturellement.<\/p>\n<p>Cet ouvrage aborde directement ce que vous ressentez peut-\u00eatre d\u00e9j\u00e0 \u00e0 travers votre pratique de la MT: un sentiment croissant d\u2019interconnexion, une envie plus profonde de contribuer, un \u00e9largissement naturel de l\u2019attention \u2014 ainsi qu\u2019un d\u00e9sir de comprendre pourquoi.<\/p>\n<p>Nous esp\u00e9rons que vous vous joindrez \u00e0 nous pour cette conversation inspirante.<\/p>\n<div class=\"fusion-button-wrapper\"><a class=\"fusion-button button-flat fusion-button-default-size button-default fusion-button-default button-1 fusion-button-default-span fusion-button-default-type\" target=\"_self\" href=\"https:\/\/us02web.zoom.us\/j\/86745062695\"><span class=\"fusion-button-text awb-button__text awb-button__text--default\">Joindre<\/span><\/a><\/div>\n<p>Nous commen\u00e7ons par une m\u00e9ditation de groupe de 20 minutes<\/p>\n<p><em>Mot de passe requis pour participer \u00e0 cette s\u00e9ance. Acc\u00e9dez \u00e0 ces s\u00e9ances avec le mot de passe Zoom qui vous a \u00e9t\u00e9 communiqu\u00e9 par courriel par\u00a0<\/em><a href=\"mailto:tmevents@tm.org\" target=\"_blank\" rel=\"noopener\">tmevents@tm.org<\/a><\/p>\n","protected":false},"excerpt":{"rendered":"<p>Nous vous invitons \u00e0 une rencontre \u00abCr\u00e9ons la coh\u00e9rence \u00bb tout \u00e0 fait exceptionnelle avec Tony Nader, MD, PhD, neuroscientifique de renomm\u00e9e internationale form\u00e9 \u00e0 Harvard et au MIT, leader des organisations mondiales responsables de l&rsquo;enseignement de la M\u00e9ditation Transcendantale\u00ae, et auteur du best-seller du New York Times Consciousness Is All There Is.<\/p>\n","protected":false},"author":8,"featured_media":0,"template":"","meta":{"_price":"","_stock":"","_tribe_ticket_header":"","_tribe_default_ticket_provider":"TEC\\Tickets\\Commerce\\Module","_tribe_ticket_capacity":"0","_ticket_start_date":"","_ticket_end_date":"","_tribe_ticket_show_description":"","_tribe_ticket_show_not_going":false,"_tribe_ticket_use_global_stock":"","_tribe_ticket_global_stock_level":"","_global_stock_mode":"","_global_stock_cap":"","_tribe_rsvp_for_event":"","_tribe_ticket_going_count":"","_tribe_ticket_not_going_count":"","_tribe_tickets_list":"[]","_tribe_ticket_has_attendee_info_fields":false,"_tribe_events_status":"","_tribe_events_status_reason":"","_tribe_events_is_hybrid":"","_tribe_events_is_virtual":"","_tribe_events_virtual_video_source":"","_tribe_events_virtual_embed_video":"","_tribe_events_virtual_linked_button_text":"","_tribe_events_virtual_linked_button":"","_tribe_events_virtual_show_embed_at":"","_tribe_events_virtual_show_embed_to":[],"_tribe_events_virtual_show_on_event":"","_tribe_events_virtual_show_on_views":"","_tribe_events_virtual_url":"","footnotes":"","_tec_slr_enabled":"","_tec_slr_layout":""},"tags":[],"tribe_events_cat":[24,29],"class_list":["post-20553","tribe_events","type-tribe_events","status-publish","hentry","tribe_events_cat-french","tribe_events_cat-online-knowledge-session-french","cat_french","cat_online-knowledge-session-french"],"ticketed":false,"_links":{"self":[{"href":"https:\/\/community.ca.tm.org\/fr\/wp-json\/wp\/v2\/tribe_events\/20553","targetHints":{"allow":["GET"]}}],"collection":[{"href":"https:\/\/community.ca.tm.org\/fr\/wp-json\/wp\/v2\/tribe_events"}],"about":[{"href":"https:\/\/community.ca.tm.org\/fr\/wp-json\/wp\/v2\/types\/tribe_events"}],"author":[{"embeddable":true,"href":"https:\/\/community.ca.tm.org\/fr\/wp-json\/wp\/v2\/users\/8"}],"version-history":[{"count":3,"href":"https:\/\/community.ca.tm.org\/fr\/wp-json\/wp\/v2\/tribe_events\/20553\/revisions"}],"predecessor-version":[{"id":20562,"href":"https:\/\/community.ca.tm.org\/fr\/wp-json\/wp\/v2\/tribe_events\/20553\/revisions\/20562"}],"wp:attachment":[{"href":"https:\/\/community.ca.tm.org\/fr\/wp-json\/wp\/v2\/media?parent=20553"}],"wp:term":[{"taxonomy":"post_tag","embeddable":true,"href":"https:\/\/community.ca.tm.org\/fr\/wp-json\/wp\/v2\/tags?post=20553"},{"taxonomy":"tribe_events_cat","embeddable":true,"href":"https:\/\/community.ca.tm.org\/fr\/wp-json\/wp\/v2\/tribe_events_cat?post=20553"}],"curies":[{"name":"wp","href":"https:\/\/api.w.org\/{rel}","templated":true}]}}

<p>Avec l&rsquo;invité spécial le Dr Tony Nader, animé par John Cowhig</p>
<p>Nous vous invitons à une rencontre «Créons la cohérence » tout à fait exceptionnelle avec Tony Nader, MD, PhD, neuroscientifique de renommée internationale formé à Harvard et au MIT, leader des organisations mondiales responsables de l&rsquo;enseignement de la Méditation Transcendantale®, et auteur du best-seller du New York Times <em>Consciousness Is All There Is</em>.</p>
<p>Le Dr Nader partagera des réflexions pratiques tirées de son nouveau livre, <em>The Power of Caring</em>, qui paraîtra le 28 juillet. Dans cet ouvrage d&rsquo;actualité, il propose une perspective nouvelle et captivante sur la conscience, la compassion et le développement du potentiel humain — le tout rédigé dans un style clair et simple, destiné à un large public.</p>
<p>Cette rencontre en ligne offre une occasion rare d&rsquo;écouter directement l&rsquo;une des figures de proue mondiales dans les domaines de la conscience, du développement humain et de l&rsquo;avenir du bien-être individuel et collectif.</p>
<p>Dans <em>The Power of Caring</em>, le Dr. Nader explore la bienveillance comme une expression directe de la conscience et une voie naturelle vers l&rsquo;épanouissement, la connexion et la cohésion collective. Alliant une sagesse intemporelle à des conseils pratiques, il nous montre comment l&rsquo;élargissement de la conscience fait naître la compassion, la résilience et l&rsquo;harmonie dans la vie quotidienne.</p>
<p>Ce livre ne vise pas à vous inciter à redoubler d’efforts ou à devenir une meilleure personne. Il s’agit plutôt de comprendre que l’attention authentique et consciente reflète le fonctionnement même de la nature et que, lorsque la conscience s’éveille, l’attention naît naturellement.</p>
<p>Cet ouvrage aborde directement ce que vous ressentez peut-être déjà à travers votre pratique de la MT: un sentiment croissant d’interconnexion, une envie plus profonde de contribuer, un élargissement naturel de l’attention — ainsi qu’un désir de comprendre pourquoi.</p>
<p>Nous espérons que vous vous joindrez à nous pour cette conversation inspirante.</p>
<div class="fusion-button-wrapper"><a class="fusion-button button-flat fusion-button-default-size button-default fusion-button-default button-1 fusion-button-default-span fusion-button-default-type" target="_self" href="https://us02web.zoom.us/j/86745062695"><span class="fusion-button-text awb-button__text awb-button__text--default">Joindre</span></a></div>
<p>Nous commençons par une méditation de groupe de 20 minutes</p>
<p><em>Mot de passe requis pour participer à cette séance. Accédez à ces séances avec le mot de passe Zoom qui vous a été communiqué par courriel par </em><a href="mailto:tmevents@tm.org" target="_blank" rel="noopener">tmevents@tm.org</a></p>

<p>Nous vous invitons à une rencontre «Créons la cohérence » tout à fait exceptionnelle avec Tony Nader, MD, PhD, neuroscientifique de renommée internationale formé à Harvard et au MIT, leader des organisations mondiales responsables de l&rsquo;enseignement de la Méditation Transcendantale®, et auteur du best-seller du New York Times Consciousness Is All There Is.</p>
